{"id":2615,"date":"2025-10-28T13:07:44","date_gmt":"2025-10-28T13:07:44","guid":{"rendered":"https:\/\/www.magnum.com.br\/?page_id=2615"},"modified":"2026-01-26T12:24:50","modified_gmt":"2026-01-26T12:24:50","slug":"pre-vestibular","status":"publish","type":"page","link":"https:\/\/www.magnum.com.br\/?page_id=2615","title":{"rendered":"PR\u00c9-VESTIBULAR"},"content":{"rendered":"<div class=\"wpb-content-wrapper\"><p>[vc_row css=&#8221;.vc_custom_1761656984097{padding-top: 30px !important;}&#8221;][vc_column][vc_column_text]<\/p>\n<h3><b>Pr\u00e9-Vestibular<\/b><\/h3>\n<p>&nbsp;<\/p>\n<p><b>Magnum Pr\u00e9-Vestibular: excel\u00eancia que prepara para os principais vestibulares<\/b><\/p>\n<p>&nbsp;<\/p>\n<p>O <b>Magnum Pr\u00e9-Vestibular<\/b> nasceu para oferecer uma prepara\u00e7\u00e3o completa e de alta qualidade aos estudantes que desejam ingressar nas melhores universidades do pa\u00eds. Com base na tradi\u00e7\u00e3o de mais de 30 anos do <b>Col\u00e9gio Magnum<\/b>, que \u00e9 refer\u00eancia em ensino de excel\u00eancia e forma\u00e7\u00e3o integral, nosso pr\u00e9-vestibular alia conhecimento aprofundado, racioc\u00ednio cr\u00edtico e acompanhamento individualizado.<\/p>\n<p>&nbsp;<\/p>\n<p>Nossos professores s\u00e3o altamente qualificados e experientes, capazes de motivar cada aluno e transformar o aprendizado em uma experi\u00eancia eficiente e prazerosa. O material pedag\u00f3gico utilizado \u00e9 <b>SAS<\/b>, completo e atualizado, alinhado \u00e0s exig\u00eancias dos <b>principais vestibulares<\/b>, garantindo que os estudantes estejam sempre preparados para os desafios das provas.<\/p>\n<p>&nbsp;<\/p>\n<p>Desde 2009, o Magnum mant\u00e9m um hist\u00f3rico consistente de aprova\u00e7\u00f5es, estando sempre entre <b>as 5 melhores institui\u00e7\u00f5es de Minas Gerais<\/b> nos principais vestibulares. Essa trajet\u00f3ria de sucesso reflete nosso compromisso com a excel\u00eancia acad\u00eamica e a forma\u00e7\u00e3o de alunos preparados n\u00e3o apenas para os exames, mas tamb\u00e9m para a vida universit\u00e1ria e profissional.<\/p>\n<p>&nbsp;<\/p>\n<p>No <b>Magnum Pr\u00e9-Vestibular<\/b>, o foco \u00e9 transformar dedica\u00e7\u00e3o em resultados, com um ambiente de estudo que alia disciplina, incentivo e qualidade, para que cada estudante alcance seu m\u00e1ximo potencial.[\/vc_column_text][vc_gmaps link=&#8221;#E-8_JTNDaWZyYW1lJTIwc3JjJTNEJTIyaHR0cHMlM0ElMkYlMkZ3d3cuZ29vZ2xlLmNvbSUyRm1hcHMlMkZlbWJlZCUzRnBiJTNEJTIxMW0xOCUyMTFtMTIlMjExbTMlMjExZDMyNjIuNDc0MjA5NzU2MjE2JTIxMmQtNDMuOTM3ODI5MDk5OTk5OTk1JTIxM2QtMTkuOTI5OTQzMjk5OTk5OTk4JTIxMm0zJTIxMWYwJTIxMmYwJTIxM2YwJTIxM20yJTIxMWkxMDI0JTIxMmk3NjglMjE0ZjEzLjElMjEzbTMlMjExbTIlMjExczB4YTY5OWRkZjM5ZmM5NjklMjUzQTB4NTg4OWE1ZjM1ODliNDFhOSUyMTJzQXYuJTI1MjBKbyUyNUMzJTI1QTNvJTI1MjBQaW5oZWlybyUyNTJDJTI1MjA1ODAlMjUyMC0lMjUyMENlbnRybyUyNTJDJTI1MjBCZWxvJTI1MjBIb3Jpem9udGUlMjUyMC0lMjUyME1HJTI1MkMlMjUyMDMwMTMwLTE4OCUyMTVlMSUyMTNtMiUyMTFzcHQtQlIlMjEyc2JyJTIxNHYxNzYxNjU3MTg2MzkxJTIxNW0yJTIxMXNwdC1CUiUyMTJzYnIlMjIlMjB3aWR0aCUzRCUyMjEwMCUyNSUyMiUyMGhlaWdodCUzRCUyMjQ1MCUyMiUyMHN0eWxlJTNEJTIyYm9yZGVyJTNBMCUzQiUyMiUyMGFsbG93ZnVsbHNjcmVlbiUzRCUyMiUyMiUyMGxvYWRpbmclM0QlMjJsYXp5JTIyJTIwcmVmZXJyZXJwb2xpY3klM0QlMjJuby1yZWZlcnJlci13aGVuLWRvd25ncmFkZSUyMiUzRSUzQyUyRmlmcmFtZSUzRQ==&#8221;][vc_btn title=&#8221;INSCREVA-SE!&#8221; style=&#8221;custom&#8221; custom_background=&#8221;#004d9d&#8221; custom_text=&#8221;#ffffff&#8221; size=&#8221;lg&#8221; css=&#8221;.vc_custom_1769430288642{padding-bottom: 30px !important;}&#8221; link=&#8221;url:https%3A%2F%2Fwww.magnum.com.br%2Fmatriculas-abertas-pv%2F&#8221;][\/vc_column][\/vc_row]<\/p>\n<\/div>","protected":false},"excerpt":{"rendered":"<p>[vc_row css=&#8221;.vc_custom_1761656984097{padding-top: 30px !important;}&#8221;][vc_column][vc_column_text] Pr\u00e9-Vestibular &nbsp; Magnum Pr\u00e9-Vestibular: excel\u00eancia que prepara para os principais vestibulares &nbsp; O Magnum Pr\u00e9-Vestibular nasceu para oferecer uma prepara\u00e7\u00e3o completa e de alta qualidade aos estudantes que desejam ingressar nas melhores universidades do pa\u00eds. Com base na tradi\u00e7\u00e3o de mais de 30 anos do Col\u00e9gio Magnum, que \u00e9 refer\u00eancia em [&hellip;]<\/p>\n","protected":false},"author":1,"featured_media":0,"parent":0,"menu_order":0,"comment_status":"closed","ping_status":"closed","template":"","meta":{"footnotes":""},"class_list":["post-2615","page","type-page","status-publish","hentry"],"yoast_head":"<!-- This site is optimized with the Yoast SEO plugin v26.2 - https:\/\/yoast.com\/wordpress\/plugins\/seo\/ -->\n<title>PR\u00c9-VESTIBULAR - Col\u00e9gio Magnum<\/title>\n<meta name=\"robots\" content=\"index, follow, max-snippet:-1, max-image-preview:large, max-video-preview:-1\" \/>\n<link rel=\"canonical\" href=\"https:\/\/www.magnum.com.br\/?page_id=2615\" \/>\n<meta property=\"og:locale\" content=\"pt_BR\" \/>\n<meta property=\"og:type\" content=\"article\" \/>\n<meta property=\"og:title\" content=\"PR\u00c9-VESTIBULAR - Col\u00e9gio Magnum\" \/>\n<meta property=\"og:description\" content=\"[vc_row css=&#8221;.vc_custom_1761656984097{padding-top: 30px !important;}&#8221;][vc_column][vc_column_text] Pr\u00e9-Vestibular &nbsp; Magnum Pr\u00e9-Vestibular: excel\u00eancia que prepara para os principais vestibulares &nbsp; O Magnum Pr\u00e9-Vestibular nasceu para oferecer uma prepara\u00e7\u00e3o completa e de alta qualidade aos estudantes que desejam ingressar nas melhores universidades do pa\u00eds. Com base na tradi\u00e7\u00e3o de mais de 30 anos do Col\u00e9gio Magnum, que \u00e9 refer\u00eancia em [&hellip;]\" \/>\n<meta property=\"og:url\" content=\"https:\/\/www.magnum.com.br\/?page_id=2615\" \/>\n<meta property=\"og:site_name\" content=\"Col\u00e9gio Magnum\" \/>\n<meta property=\"article:modified_time\" content=\"2026-01-26T12:24:50+00:00\" \/>\n<meta name=\"twitter:card\" content=\"summary_large_image\" \/>\n<meta name=\"twitter:label1\" content=\"Est. tempo de leitura\" \/>\n\t<meta name=\"twitter:data1\" content=\"2 minutos\" \/>\n<script type=\"application\/ld+json\" class=\"yoast-schema-graph\">{\"@context\":\"https:\/\/schema.org\",\"@graph\":[{\"@type\":\"WebPage\",\"@id\":\"https:\/\/www.magnum.com.br\/?page_id=2615\",\"url\":\"https:\/\/www.magnum.com.br\/?page_id=2615\",\"name\":\"PR\u00c9-VESTIBULAR - Col\u00e9gio Magnum\",\"isPartOf\":{\"@id\":\"https:\/\/www.magnum.com.br\/#website\"},\"datePublished\":\"2025-10-28T13:07:44+00:00\",\"dateModified\":\"2026-01-26T12:24:50+00:00\",\"breadcrumb\":{\"@id\":\"https:\/\/www.magnum.com.br\/?page_id=2615#breadcrumb\"},\"inLanguage\":\"pt-BR\",\"potentialAction\":[{\"@type\":\"ReadAction\",\"target\":[\"https:\/\/www.magnum.com.br\/?page_id=2615\"]}]},{\"@type\":\"BreadcrumbList\",\"@id\":\"https:\/\/www.magnum.com.br\/?page_id=2615#breadcrumb\",\"itemListElement\":[{\"@type\":\"ListItem\",\"position\":1,\"name\":\"In\u00edcio\",\"item\":\"https:\/\/www.magnum.com.br\/\"},{\"@type\":\"ListItem\",\"position\":2,\"name\":\"PR\u00c9-VESTIBULAR\"}]},{\"@type\":\"WebSite\",\"@id\":\"https:\/\/www.magnum.com.br\/#website\",\"url\":\"https:\/\/www.magnum.com.br\/\",\"name\":\"Col\u00e9gio Magnum\",\"description\":\"\",\"potentialAction\":[{\"@type\":\"SearchAction\",\"target\":{\"@type\":\"EntryPoint\",\"urlTemplate\":\"https:\/\/www.magnum.com.br\/?s={search_term_string}\"},\"query-input\":{\"@type\":\"PropertyValueSpecification\",\"valueRequired\":true,\"valueName\":\"search_term_string\"}}],\"inLanguage\":\"pt-BR\"}]}<\/script>\n<!-- \/ Yoast SEO plugin. -->","yoast_head_json":{"title":"PR\u00c9-VESTIBULAR - Col\u00e9gio Magnum","robots":{"index":"index","follow":"follow","max-snippet":"max-snippet:-1","max-image-preview":"max-image-preview:large","max-video-preview":"max-video-preview:-1"},"canonical":"https:\/\/www.magnum.com.br\/?page_id=2615","og_locale":"pt_BR","og_type":"article","og_title":"PR\u00c9-VESTIBULAR - Col\u00e9gio Magnum","og_description":"[vc_row css=&#8221;.vc_custom_1761656984097{padding-top: 30px !important;}&#8221;][vc_column][vc_column_text] Pr\u00e9-Vestibular &nbsp; Magnum Pr\u00e9-Vestibular: excel\u00eancia que prepara para os principais vestibulares &nbsp; O Magnum Pr\u00e9-Vestibular nasceu para oferecer uma prepara\u00e7\u00e3o completa e de alta qualidade aos estudantes que desejam ingressar nas melhores universidades do pa\u00eds. Com base na tradi\u00e7\u00e3o de mais de 30 anos do Col\u00e9gio Magnum, que \u00e9 refer\u00eancia em [&hellip;]","og_url":"https:\/\/www.magnum.com.br\/?page_id=2615","og_site_name":"Col\u00e9gio Magnum","article_modified_time":"2026-01-26T12:24:50+00:00","twitter_card":"summary_large_image","twitter_misc":{"Est. tempo de leitura":"2 minutos"},"schema":{"@context":"https:\/\/schema.org","@graph":[{"@type":"WebPage","@id":"https:\/\/www.magnum.com.br\/?page_id=2615","url":"https:\/\/www.magnum.com.br\/?page_id=2615","name":"PR\u00c9-VESTIBULAR - Col\u00e9gio Magnum","isPartOf":{"@id":"https:\/\/www.magnum.com.br\/#website"},"datePublished":"2025-10-28T13:07:44+00:00","dateModified":"2026-01-26T12:24:50+00:00","breadcrumb":{"@id":"https:\/\/www.magnum.com.br\/?page_id=2615#breadcrumb"},"inLanguage":"pt-BR","potentialAction":[{"@type":"ReadAction","target":["https:\/\/www.magnum.com.br\/?page_id=2615"]}]},{"@type":"BreadcrumbList","@id":"https:\/\/www.magnum.com.br\/?page_id=2615#breadcrumb","itemListElement":[{"@type":"ListItem","position":1,"name":"In\u00edcio","item":"https:\/\/www.magnum.com.br\/"},{"@type":"ListItem","position":2,"name":"PR\u00c9-VESTIBULAR"}]},{"@type":"WebSite","@id":"https:\/\/www.magnum.com.br\/#website","url":"https:\/\/www.magnum.com.br\/","name":"Col\u00e9gio Magnum","description":"","potentialAction":[{"@type":"SearchAction","target":{"@type":"EntryPoint","urlTemplate":"https:\/\/www.magnum.com.br\/?s={search_term_string}"},"query-input":{"@type":"PropertyValueSpecification","valueRequired":true,"valueName":"search_term_string"}}],"inLanguage":"pt-BR"}]}},"_links":{"self":[{"href":"https:\/\/www.magnum.com.br\/index.php?rest_route=\/wp\/v2\/pages\/2615","targetHints":{"allow":["GET"]}}],"collection":[{"href":"https:\/\/www.magnum.com.br\/index.php?rest_route=\/wp\/v2\/pages"}],"about":[{"href":"https:\/\/www.magnum.com.br\/index.php?rest_route=\/wp\/v2\/types\/page"}],"author":[{"embeddable":true,"href":"https:\/\/www.magnum.com.br\/index.php?rest_route=\/wp\/v2\/users\/1"}],"replies":[{"embeddable":true,"href":"https:\/\/www.magnum.com.br\/index.php?rest_route=%2Fwp%2Fv2%2Fcomments&post=2615"}],"version-history":[{"count":11,"href":"https:\/\/www.magnum.com.br\/index.php?rest_route=\/wp\/v2\/pages\/2615\/revisions"}],"predecessor-version":[{"id":2686,"href":"https:\/\/www.magnum.com.br\/index.php?rest_route=\/wp\/v2\/pages\/2615\/revisions\/2686"}],"wp:attachment":[{"href":"https:\/\/www.magnum.com.br\/index.php?rest_route=%2Fwp%2Fv2%2Fmedia&parent=2615"}],"curies":[{"name":"wp","href":"https:\/\/api.w.org\/{rel}","templated":true}]}}