{"id":2216,"date":"2024-06-03T18:00:21","date_gmt":"2024-06-03T18:00:21","guid":{"rendered":"https:\/\/www.magnum.com.br\/?page_id=2216"},"modified":"2025-02-24T18:23:32","modified_gmt":"2025-02-24T18:23:32","slug":"magnum-cidade-nova","status":"publish","type":"page","link":"https:\/\/www.magnum.com.br\/?page_id=2216","title":{"rendered":"MAGNUM CIDADE NOVA"},"content":{"rendered":"<div class=\"wpb-content-wrapper\"><p>[vc_row][vc_column][vc_column_text]<\/p>\n<p data-start=\"320\" data-end=\"654\">Nossa proposta pedag\u00f3gica vai al\u00e9m do aprendizado acad\u00eamico. Trabalhamos para formar cidad\u00e3os cr\u00edticos, \u00e9ticos e preparados para os desafios do futuro. Investimos no desenvolvimento das habilidades cognitivas e socioemocionais de nossos alunos, por meio de atividades extracurriculares e projetos que estimulam o aprendizado cont\u00ednuo.<\/p>\n<p data-start=\"656\" data-end=\"803\" data-is-last-node=\"\" data-is-only-node=\"\">Aqui, cada aluno \u00e9 \u00fanico, e nossa miss\u00e3o \u00e9 prepar\u00e1-los para o mundo de forma integral, com responsabilidade e compromisso com o bem-estar coletivo.<\/p>\n<p>&nbsp;<\/p>\n<p><strong>Endere\u00e7o:\u00a0<\/strong><\/p>\n<p><strong>Rua:<\/strong> S\u00e3o Gon\u00e7alo, 1364 \u2013 Nova Floresta, Belo Horizonte \u2013 MG<\/p>\n<p><strong>Tel:<\/strong> (31) 3429-9000[\/vc_column_text][vc_gmaps link=&#8221;#E-8_JTNDaWZyYW1lJTIwc3JjJTNEJTIyaHR0cHMlM0ElMkYlMkZ3d3cuZ29vZ2xlLmNvbSUyRm1hcHMlMkZlbWJlZCUzRnBiJTNEJTIxMW0xOCUyMTFtMTIlMjExbTMlMjExZDM3NTEuODAzNTI0MzM4ODE2JTIxMmQtNDMuOTMxNjM5MyUyMTNkLTE5Ljg5MDUxNjU5OTk5OTk5NCUyMTJtMyUyMTFmMCUyMTJmMCUyMTNmMCUyMTNtMiUyMTFpMTAyNCUyMTJpNzY4JTIxNGYxMy4xJTIxM20zJTIxMW0yJTIxMXMweGE2OWExMmY4OWFjYjZkJTI1M0EweDlmZjIwZThkMWJkNjhjYzQlMjEyc0NvbCUyNUMzJTI1QTlnaW8lMjUyME1hZ251bSUyNTIwQ2lkYWRlJTI1MjBOb3ZhJTIxNWUwJTIxM20yJTIxMXNwdC1CUiUyMTJzYnIlMjE0djE3MzgwODk0NzM5NDQlMjE1bTIlMjExc3B0LUJSJTIxMnNiciUyMiUyMHdpZHRoJTNEJTIyNjAwJTIyJTIwaGVpZ2h0JTNEJTIyNDUwJTIyJTIwc3R5bGUlM0QlMjJib3JkZXIlM0EwJTNCJTIyJTIwYWxsb3dmdWxsc2NyZWVuJTNEJTIyJTIyJTIwbG9hZGluZyUzRCUyMmxhenklMjIlMjByZWZlcnJlcnBvbGljeSUzRCUyMm5vLXJlZmVycmVyLXdoZW4tZG93bmdyYWRlJTIyJTNFJTNDJTJGaWZyYW1lJTNF&#8221;][vc_column_text]<div class=\"carousel-slider-outer carousel-slider-outer-image-carousel carousel-slider-outer-2481\" style=\"--carousel-slider-nav-color:#f1f1f1;--carousel-slider-active-nav-color:#00d1b2;--carousel-slider-arrow-size:48px;--carousel-slider-bullet-size:10px\">\n<div id=\"&#039;id-2481\" class=\"carousel-slider carousel-slider-2481 arrows-visibility-hover dots-visibility-never arrows-outside dots-center dots-circle owl-carousel\" data-slide-type=\"image-carousel\" data-owl-settings='{\"nav\":true,\"dots\":false,\"slideBy\":1,\"stagePadding\":0,\"margin\":10,\"loop\":true,\"lazyLoad\":false,\"autoplay\":true,\"autoplayTimeout\":5000,\"autoplaySpeed\":500,\"autoplayHoverPause\":true,\"autoWidth\":false,\"responsive\":{\"300\":{\"items\":1},\"576\":{\"items\":2},\"768\":{\"items\":2},\"1024\":{\"items\":3},\"1280\":{\"items\":4},\"1536\":{\"items\":5}}}'>\n<div class=\"carousel-slider__item\">\n\t<img loading=\"lazy\" decoding=\"async\" width=\"768\" height=\"512\" src=\"https:\/\/www.magnum.com.br\/wp-content\/uploads\/2025\/02\/GDT_2411-768x512.jpg\" class=\"attachment-medium_large size-medium_large\" alt=\"\" srcset=\"https:\/\/www.magnum.com.br\/wp-content\/uploads\/2025\/02\/GDT_2411-768x512.jpg 768w, https:\/\/www.magnum.com.br\/wp-content\/uploads\/2025\/02\/GDT_2411-300x200.jpg 300w, https:\/\/www.magnum.com.br\/wp-content\/uploads\/2025\/02\/GDT_2411-1024x682.jpg 1024w, https:\/\/www.magnum.com.br\/wp-content\/uploads\/2025\/02\/GDT_2411-125x83.jpg 125w, https:\/\/www.magnum.com.br\/wp-content\/uploads\/2025\/02\/GDT_2411-75x50.jpg 75w, https:\/\/www.magnum.com.br\/wp-content\/uploads\/2025\/02\/GDT_2411-1536x1023.jpg 1536w, https:\/\/www.magnum.com.br\/wp-content\/uploads\/2025\/02\/GDT_2411-2048x1364.jpg 2048w\" sizes=\"auto, (max-width: 768px) 100vw, 768px\" \/><\/a><\/div>\n\n<div class=\"carousel-slider__item\">\n\t<img loading=\"lazy\" decoding=\"async\" width=\"768\" height=\"512\" src=\"https:\/\/www.magnum.com.br\/wp-content\/uploads\/2025\/02\/GDT_2245-768x512.jpg\" class=\"attachment-medium_large size-medium_large\" alt=\"\" srcset=\"https:\/\/www.magnum.com.br\/wp-content\/uploads\/2025\/02\/GDT_2245-768x512.jpg 768w, https:\/\/www.magnum.com.br\/wp-content\/uploads\/2025\/02\/GDT_2245-300x200.jpg 300w, https:\/\/www.magnum.com.br\/wp-content\/uploads\/2025\/02\/GDT_2245-1024x682.jpg 1024w, https:\/\/www.magnum.com.br\/wp-content\/uploads\/2025\/02\/GDT_2245-125x83.jpg 125w, https:\/\/www.magnum.com.br\/wp-content\/uploads\/2025\/02\/GDT_2245-75x50.jpg 75w, https:\/\/www.magnum.com.br\/wp-content\/uploads\/2025\/02\/GDT_2245-1536x1023.jpg 1536w, https:\/\/www.magnum.com.br\/wp-content\/uploads\/2025\/02\/GDT_2245-2048x1364.jpg 2048w\" sizes=\"auto, (max-width: 768px) 100vw, 768px\" \/><\/a><\/div>\n\n<div class=\"carousel-slider__item\">\n\t<img loading=\"lazy\" decoding=\"async\" width=\"768\" height=\"512\" src=\"https:\/\/www.magnum.com.br\/wp-content\/uploads\/2025\/02\/GDT_2300-768x512.jpg\" class=\"attachment-medium_large size-medium_large\" alt=\"\" srcset=\"https:\/\/www.magnum.com.br\/wp-content\/uploads\/2025\/02\/GDT_2300-768x512.jpg 768w, https:\/\/www.magnum.com.br\/wp-content\/uploads\/2025\/02\/GDT_2300-300x200.jpg 300w, https:\/\/www.magnum.com.br\/wp-content\/uploads\/2025\/02\/GDT_2300-1024x682.jpg 1024w, https:\/\/www.magnum.com.br\/wp-content\/uploads\/2025\/02\/GDT_2300-125x83.jpg 125w, https:\/\/www.magnum.com.br\/wp-content\/uploads\/2025\/02\/GDT_2300-75x50.jpg 75w, https:\/\/www.magnum.com.br\/wp-content\/uploads\/2025\/02\/GDT_2300-1536x1023.jpg 1536w, https:\/\/www.magnum.com.br\/wp-content\/uploads\/2025\/02\/GDT_2300-2048x1364.jpg 2048w\" sizes=\"auto, (max-width: 768px) 100vw, 768px\" \/><\/a><\/div>\n\n<div class=\"carousel-slider__item\">\n\t<img loading=\"lazy\" decoding=\"async\" width=\"768\" height=\"512\" src=\"https:\/\/www.magnum.com.br\/wp-content\/uploads\/2025\/02\/GDT_2407-768x512.jpg\" class=\"attachment-medium_large size-medium_large\" alt=\"\" srcset=\"https:\/\/www.magnum.com.br\/wp-content\/uploads\/2025\/02\/GDT_2407-768x512.jpg 768w, https:\/\/www.magnum.com.br\/wp-content\/uploads\/2025\/02\/GDT_2407-300x200.jpg 300w, https:\/\/www.magnum.com.br\/wp-content\/uploads\/2025\/02\/GDT_2407-1024x682.jpg 1024w, https:\/\/www.magnum.com.br\/wp-content\/uploads\/2025\/02\/GDT_2407-125x83.jpg 125w, https:\/\/www.magnum.com.br\/wp-content\/uploads\/2025\/02\/GDT_2407-75x50.jpg 75w, https:\/\/www.magnum.com.br\/wp-content\/uploads\/2025\/02\/GDT_2407-1536x1023.jpg 1536w, https:\/\/www.magnum.com.br\/wp-content\/uploads\/2025\/02\/GDT_2407-2048x1364.jpg 2048w\" sizes=\"auto, (max-width: 768px) 100vw, 768px\" \/><\/a><\/div>\n\n<div class=\"carousel-slider__item\">\n\t<img loading=\"lazy\" decoding=\"async\" width=\"768\" height=\"512\" src=\"https:\/\/www.magnum.com.br\/wp-content\/uploads\/2025\/02\/GDT_2435-768x512.jpg\" class=\"attachment-medium_large size-medium_large\" alt=\"\" srcset=\"https:\/\/www.magnum.com.br\/wp-content\/uploads\/2025\/02\/GDT_2435-768x512.jpg 768w, https:\/\/www.magnum.com.br\/wp-content\/uploads\/2025\/02\/GDT_2435-300x200.jpg 300w, https:\/\/www.magnum.com.br\/wp-content\/uploads\/2025\/02\/GDT_2435-1024x682.jpg 1024w, https:\/\/www.magnum.com.br\/wp-content\/uploads\/2025\/02\/GDT_2435-125x83.jpg 125w, https:\/\/www.magnum.com.br\/wp-content\/uploads\/2025\/02\/GDT_2435-75x50.jpg 75w, https:\/\/www.magnum.com.br\/wp-content\/uploads\/2025\/02\/GDT_2435-1536x1023.jpg 1536w, https:\/\/www.magnum.com.br\/wp-content\/uploads\/2025\/02\/GDT_2435-2048x1364.jpg 2048w\" sizes=\"auto, (max-width: 768px) 100vw, 768px\" \/><\/a><\/div>\n\n<div class=\"carousel-slider__item\">\n\t<img loading=\"lazy\" decoding=\"async\" width=\"768\" height=\"512\" src=\"https:\/\/www.magnum.com.br\/wp-content\/uploads\/2025\/02\/GDT_2361-768x512.jpg\" class=\"attachment-medium_large size-medium_large\" alt=\"\" srcset=\"https:\/\/www.magnum.com.br\/wp-content\/uploads\/2025\/02\/GDT_2361-768x512.jpg 768w, https:\/\/www.magnum.com.br\/wp-content\/uploads\/2025\/02\/GDT_2361-300x200.jpg 300w, https:\/\/www.magnum.com.br\/wp-content\/uploads\/2025\/02\/GDT_2361-1024x682.jpg 1024w, https:\/\/www.magnum.com.br\/wp-content\/uploads\/2025\/02\/GDT_2361-125x83.jpg 125w, https:\/\/www.magnum.com.br\/wp-content\/uploads\/2025\/02\/GDT_2361-75x50.jpg 75w, https:\/\/www.magnum.com.br\/wp-content\/uploads\/2025\/02\/GDT_2361-1536x1023.jpg 1536w, https:\/\/www.magnum.com.br\/wp-content\/uploads\/2025\/02\/GDT_2361-2048x1364.jpg 2048w\" sizes=\"auto, (max-width: 768px) 100vw, 768px\" \/><\/a><\/div>\n\n<div class=\"carousel-slider__item\">\n\t<img loading=\"lazy\" decoding=\"async\" width=\"768\" height=\"512\" src=\"https:\/\/www.magnum.com.br\/wp-content\/uploads\/2025\/02\/GDT_2464-768x512.jpg\" class=\"attachment-medium_large size-medium_large\" alt=\"\" srcset=\"https:\/\/www.magnum.com.br\/wp-content\/uploads\/2025\/02\/GDT_2464-768x512.jpg 768w, https:\/\/www.magnum.com.br\/wp-content\/uploads\/2025\/02\/GDT_2464-300x200.jpg 300w, https:\/\/www.magnum.com.br\/wp-content\/uploads\/2025\/02\/GDT_2464-1024x682.jpg 1024w, https:\/\/www.magnum.com.br\/wp-content\/uploads\/2025\/02\/GDT_2464-125x83.jpg 125w, https:\/\/www.magnum.com.br\/wp-content\/uploads\/2025\/02\/GDT_2464-75x50.jpg 75w, https:\/\/www.magnum.com.br\/wp-content\/uploads\/2025\/02\/GDT_2464-1536x1023.jpg 1536w, https:\/\/www.magnum.com.br\/wp-content\/uploads\/2025\/02\/GDT_2464-2048x1364.jpg 2048w\" sizes=\"auto, (max-width: 768px) 100vw, 768px\" \/><\/a><\/div>\n\n<div class=\"carousel-slider__item\">\n\t<img loading=\"lazy\" decoding=\"async\" width=\"768\" height=\"512\" src=\"https:\/\/www.magnum.com.br\/wp-content\/uploads\/2025\/02\/GDT_2480-768x512.jpg\" class=\"attachment-medium_large size-medium_large\" alt=\"\" srcset=\"https:\/\/www.magnum.com.br\/wp-content\/uploads\/2025\/02\/GDT_2480-768x512.jpg 768w, https:\/\/www.magnum.com.br\/wp-content\/uploads\/2025\/02\/GDT_2480-300x200.jpg 300w, https:\/\/www.magnum.com.br\/wp-content\/uploads\/2025\/02\/GDT_2480-1024x682.jpg 1024w, https:\/\/www.magnum.com.br\/wp-content\/uploads\/2025\/02\/GDT_2480-125x83.jpg 125w, https:\/\/www.magnum.com.br\/wp-content\/uploads\/2025\/02\/GDT_2480-75x50.jpg 75w, https:\/\/www.magnum.com.br\/wp-content\/uploads\/2025\/02\/GDT_2480-1536x1023.jpg 1536w, https:\/\/www.magnum.com.br\/wp-content\/uploads\/2025\/02\/GDT_2480-2048x1364.jpg 2048w\" sizes=\"auto, (max-width: 768px) 100vw, 768px\" \/><\/a><\/div>\n\n<div class=\"carousel-slider__item\">\n\t<img loading=\"lazy\" decoding=\"async\" width=\"768\" height=\"512\" src=\"https:\/\/www.magnum.com.br\/wp-content\/uploads\/2025\/02\/GDT_2495-768x512.jpg\" class=\"attachment-medium_large size-medium_large\" alt=\"\" srcset=\"https:\/\/www.magnum.com.br\/wp-content\/uploads\/2025\/02\/GDT_2495-768x512.jpg 768w, https:\/\/www.magnum.com.br\/wp-content\/uploads\/2025\/02\/GDT_2495-300x200.jpg 300w, https:\/\/www.magnum.com.br\/wp-content\/uploads\/2025\/02\/GDT_2495-1024x682.jpg 1024w, https:\/\/www.magnum.com.br\/wp-content\/uploads\/2025\/02\/GDT_2495-125x83.jpg 125w, https:\/\/www.magnum.com.br\/wp-content\/uploads\/2025\/02\/GDT_2495-75x50.jpg 75w, https:\/\/www.magnum.com.br\/wp-content\/uploads\/2025\/02\/GDT_2495-1536x1023.jpg 1536w, https:\/\/www.magnum.com.br\/wp-content\/uploads\/2025\/02\/GDT_2495-2048x1364.jpg 2048w\" sizes=\"auto, (max-width: 768px) 100vw, 768px\" \/><\/a><\/div>\n\n<\/div><!-- .carousel-slider-2481 -->\n<\/div><!-- .carousel-slider-outer-2481 -->\n[\/vc_column_text][vc_btn title=&#8221;Quer receber um contato da escola?&#8221; style=&#8221;custom&#8221; custom_background=&#8221;#004d9d&#8221; custom_text=&#8221;#ffffff&#8221; size=&#8221;lg&#8221; link=&#8221;url:http%3A%2F%2Fwww.magnum.com.br%2F%3Fpage_id%3D841&#8243;][\/vc_column][\/vc_row][vc_row][vc_column][\/vc_column][\/vc_row]<\/p>\n<\/div>","protected":false},"excerpt":{"rendered":"<p>[vc_row][vc_column][vc_column_text] Nossa proposta pedag\u00f3gica vai al\u00e9m do aprendizado acad\u00eamico. Trabalhamos para formar cidad\u00e3os cr\u00edticos, \u00e9ticos e preparados para os desafios do futuro. Investimos no desenvolvimento das habilidades cognitivas e socioemocionais de nossos alunos, por meio de atividades extracurriculares e projetos que estimulam o aprendizado cont\u00ednuo. Aqui, cada aluno \u00e9 \u00fanico, e nossa miss\u00e3o \u00e9 prepar\u00e1-los [&hellip;]<\/p>\n","protected":false},"author":1,"featured_media":0,"parent":0,"menu_order":0,"comment_status":"closed","ping_status":"closed","template":"","meta":{"footnotes":""},"class_list":["post-2216","page","type-page","status-publish","hentry"],"yoast_head":"<!-- This site is optimized with the Yoast SEO plugin v26.2 - https:\/\/yoast.com\/wordpress\/plugins\/seo\/ -->\n<title>MAGNUM CIDADE NOVA - Col\u00e9gio Magnum<\/title>\n<meta name=\"robots\" content=\"index, follow, max-snippet:-1, max-image-preview:large, max-video-preview:-1\" \/>\n<link rel=\"canonical\" href=\"https:\/\/www.magnum.com.br\/?page_id=2216\" \/>\n<meta property=\"og:locale\" content=\"pt_BR\" \/>\n<meta property=\"og:type\" content=\"article\" \/>\n<meta property=\"og:title\" content=\"MAGNUM CIDADE NOVA - Col\u00e9gio Magnum\" \/>\n<meta property=\"og:description\" content=\"[vc_row][vc_column][vc_column_text] Nossa proposta pedag\u00f3gica vai al\u00e9m do aprendizado acad\u00eamico. Trabalhamos para formar cidad\u00e3os cr\u00edticos, \u00e9ticos e preparados para os desafios do futuro. Investimos no desenvolvimento das habilidades cognitivas e socioemocionais de nossos alunos, por meio de atividades extracurriculares e projetos que estimulam o aprendizado cont\u00ednuo. Aqui, cada aluno \u00e9 \u00fanico, e nossa miss\u00e3o \u00e9 prepar\u00e1-los [&hellip;]\" \/>\n<meta property=\"og:url\" content=\"https:\/\/www.magnum.com.br\/?page_id=2216\" \/>\n<meta property=\"og:site_name\" content=\"Col\u00e9gio Magnum\" \/>\n<meta property=\"article:modified_time\" content=\"2025-02-24T18:23:32+00:00\" \/>\n<meta name=\"twitter:card\" content=\"summary_large_image\" \/>\n<meta name=\"twitter:label1\" content=\"Est. tempo de leitura\" \/>\n\t<meta name=\"twitter:data1\" content=\"1 minuto\" \/>\n<script type=\"application\/ld+json\" class=\"yoast-schema-graph\">{\"@context\":\"https:\/\/schema.org\",\"@graph\":[{\"@type\":\"WebPage\",\"@id\":\"https:\/\/www.magnum.com.br\/?page_id=2216\",\"url\":\"https:\/\/www.magnum.com.br\/?page_id=2216\",\"name\":\"MAGNUM CIDADE NOVA - Col\u00e9gio Magnum\",\"isPartOf\":{\"@id\":\"https:\/\/www.magnum.com.br\/#website\"},\"datePublished\":\"2024-06-03T18:00:21+00:00\",\"dateModified\":\"2025-02-24T18:23:32+00:00\",\"breadcrumb\":{\"@id\":\"https:\/\/www.magnum.com.br\/?page_id=2216#breadcrumb\"},\"inLanguage\":\"pt-BR\",\"potentialAction\":[{\"@type\":\"ReadAction\",\"target\":[\"https:\/\/www.magnum.com.br\/?page_id=2216\"]}]},{\"@type\":\"BreadcrumbList\",\"@id\":\"https:\/\/www.magnum.com.br\/?page_id=2216#breadcrumb\",\"itemListElement\":[{\"@type\":\"ListItem\",\"position\":1,\"name\":\"In\u00edcio\",\"item\":\"https:\/\/www.magnum.com.br\/\"},{\"@type\":\"ListItem\",\"position\":2,\"name\":\"MAGNUM CIDADE NOVA\"}]},{\"@type\":\"WebSite\",\"@id\":\"https:\/\/www.magnum.com.br\/#website\",\"url\":\"https:\/\/www.magnum.com.br\/\",\"name\":\"Col\u00e9gio Magnum\",\"description\":\"\",\"potentialAction\":[{\"@type\":\"SearchAction\",\"target\":{\"@type\":\"EntryPoint\",\"urlTemplate\":\"https:\/\/www.magnum.com.br\/?s={search_term_string}\"},\"query-input\":{\"@type\":\"PropertyValueSpecification\",\"valueRequired\":true,\"valueName\":\"search_term_string\"}}],\"inLanguage\":\"pt-BR\"}]}<\/script>\n<!-- \/ Yoast SEO plugin. -->","yoast_head_json":{"title":"MAGNUM CIDADE NOVA - Col\u00e9gio Magnum","robots":{"index":"index","follow":"follow","max-snippet":"max-snippet:-1","max-image-preview":"max-image-preview:large","max-video-preview":"max-video-preview:-1"},"canonical":"https:\/\/www.magnum.com.br\/?page_id=2216","og_locale":"pt_BR","og_type":"article","og_title":"MAGNUM CIDADE NOVA - Col\u00e9gio Magnum","og_description":"[vc_row][vc_column][vc_column_text] Nossa proposta pedag\u00f3gica vai al\u00e9m do aprendizado acad\u00eamico. Trabalhamos para formar cidad\u00e3os cr\u00edticos, \u00e9ticos e preparados para os desafios do futuro. Investimos no desenvolvimento das habilidades cognitivas e socioemocionais de nossos alunos, por meio de atividades extracurriculares e projetos que estimulam o aprendizado cont\u00ednuo. Aqui, cada aluno \u00e9 \u00fanico, e nossa miss\u00e3o \u00e9 prepar\u00e1-los [&hellip;]","og_url":"https:\/\/www.magnum.com.br\/?page_id=2216","og_site_name":"Col\u00e9gio Magnum","article_modified_time":"2025-02-24T18:23:32+00:00","twitter_card":"summary_large_image","twitter_misc":{"Est. tempo de leitura":"1 minuto"},"schema":{"@context":"https:\/\/schema.org","@graph":[{"@type":"WebPage","@id":"https:\/\/www.magnum.com.br\/?page_id=2216","url":"https:\/\/www.magnum.com.br\/?page_id=2216","name":"MAGNUM CIDADE NOVA - Col\u00e9gio Magnum","isPartOf":{"@id":"https:\/\/www.magnum.com.br\/#website"},"datePublished":"2024-06-03T18:00:21+00:00","dateModified":"2025-02-24T18:23:32+00:00","breadcrumb":{"@id":"https:\/\/www.magnum.com.br\/?page_id=2216#breadcrumb"},"inLanguage":"pt-BR","potentialAction":[{"@type":"ReadAction","target":["https:\/\/www.magnum.com.br\/?page_id=2216"]}]},{"@type":"BreadcrumbList","@id":"https:\/\/www.magnum.com.br\/?page_id=2216#breadcrumb","itemListElement":[{"@type":"ListItem","position":1,"name":"In\u00edcio","item":"https:\/\/www.magnum.com.br\/"},{"@type":"ListItem","position":2,"name":"MAGNUM CIDADE NOVA"}]},{"@type":"WebSite","@id":"https:\/\/www.magnum.com.br\/#website","url":"https:\/\/www.magnum.com.br\/","name":"Col\u00e9gio Magnum","description":"","potentialAction":[{"@type":"SearchAction","target":{"@type":"EntryPoint","urlTemplate":"https:\/\/www.magnum.com.br\/?s={search_term_string}"},"query-input":{"@type":"PropertyValueSpecification","valueRequired":true,"valueName":"search_term_string"}}],"inLanguage":"pt-BR"}]}},"_links":{"self":[{"href":"https:\/\/www.magnum.com.br\/index.php?rest_route=\/wp\/v2\/pages\/2216","targetHints":{"allow":["GET"]}}],"collection":[{"href":"https:\/\/www.magnum.com.br\/index.php?rest_route=\/wp\/v2\/pages"}],"about":[{"href":"https:\/\/www.magnum.com.br\/index.php?rest_route=\/wp\/v2\/types\/page"}],"author":[{"embeddable":true,"href":"https:\/\/www.magnum.com.br\/index.php?rest_route=\/wp\/v2\/users\/1"}],"replies":[{"embeddable":true,"href":"https:\/\/www.magnum.com.br\/index.php?rest_route=%2Fwp%2Fv2%2Fcomments&post=2216"}],"version-history":[{"count":11,"href":"https:\/\/www.magnum.com.br\/index.php?rest_route=\/wp\/v2\/pages\/2216\/revisions"}],"predecessor-version":[{"id":2509,"href":"https:\/\/www.magnum.com.br\/index.php?rest_route=\/wp\/v2\/pages\/2216\/revisions\/2509"}],"wp:attachment":[{"href":"https:\/\/www.magnum.com.br\/index.php?rest_route=%2Fwp%2Fv2%2Fmedia&parent=2216"}],"curies":[{"name":"wp","href":"https:\/\/api.w.org\/{rel}","templated":true}]}}