{"id":1933,"date":"2023-03-09T17:28:58","date_gmt":"2023-03-09T17:28:58","guid":{"rendered":"https:\/\/www.magnum.com.br\/?page_id=1933"},"modified":"2025-12-29T14:29:45","modified_gmt":"2025-12-29T14:29:45","slug":"ensino","status":"publish","type":"page","link":"https:\/\/www.magnum.com.br\/?page_id=1933","title":{"rendered":"ENSINO"},"content":{"rendered":"<div class=\"wpb-content-wrapper\"><p>[vc_row][vc_column][vc_column_text css=&#8221;&#8221;]Garantimos a efetividade de um ensino de qualidade por meio de uma gest\u00e3o de excel\u00eancia do processo avaliativo em todas as suas etapas. Esse processo \u00e9 cuidadosamente planejado para permitir o acompanhamento cont\u00ednuo dos resultados de ensino, assegurando a aprendizagem dos estudantes ao longo de toda a trajet\u00f3ria escolar.<\/p>\n<p>&nbsp;<\/p>\n<p>Nossos alunos s\u00e3o estimulados por uma proposta pedag\u00f3gica que valoriza o ensino pr\u00e1tico, fortalecendo o protagonismo, a autonomia e o desenvolvimento de habilidades essenciais. Projetos pedag\u00f3gicos integram os objetos de conhecimento das disciplinas curriculares, conduzidos por professores altamente qualificados, reconhecidos pela exig\u00eancia acad\u00eamica e pela aten\u00e7\u00e3o individual \u00e0 evolu\u00e7\u00e3o de cada estudante.<\/p>\n<p>&nbsp;<\/p>\n<p>Oferecemos uma estrutura completa para garantir uma educa\u00e7\u00e3o de alto padr\u00e3o. Al\u00e9m da qualidade do corpo pedag\u00f3gico, investimos continuamente em metodologias atualizadas e em recursos did\u00e1ticos eficazes, sempre com foco na aprendizagem do aluno. Entre essas iniciativas, destaca-se o servi\u00e7o de monitoria, ofertado para a 1a e a 2a s\u00e9ries do Ensino M\u00e9dio, com monitores dispon\u00edveis em salas espec\u00edficas, organizadas por componente curricular e por s\u00e9rie, no per\u00edodo da tarde.<\/p>\n<p>&nbsp;<\/p>\n<p>Dessa forma, estudantes que apresentam dificuldades em determinados componentes curriculares, assim como aqueles que desejam aprofundar seus conhecimentos, contam com um suporte pedag\u00f3gico individualizado por meio da monitoria.<\/p>\n<p>&nbsp;<\/p>\n<p>Al\u00e9m de atuar como estrat\u00e9gia de refor\u00e7o da aprendizagem, a monitoria tamb\u00e9m estimula a autonomia e a responsabilidade do jovem sobre seu pr\u00f3prio processo de estudo. Para os alunos do 6\u00ba ao 9\u00ba\u00a0 ano do Ensino Fundamental Anos Finais, os monitores realizam a corre\u00e7\u00e3o das reda\u00e7\u00f5es, que s\u00e3o posteriormente avaliadas pelos professores de L\u00edngua Portuguesa, respons\u00e1veis pela valida\u00e7\u00e3o das corre\u00e7\u00f5es e pela devolutiva aos estudantes. J\u00e1 na 3\u00aa s\u00e9rie do Ensino M\u00e9dio, cuja rotina contempla aulas em per\u00edodo integral, a monitoria \u00e9 voltada ao treinamento e \u00e0 corre\u00e7\u00e3o individual de atividades de reda\u00e7\u00e3o, planejadas de acordo com o modelo do Exame Nacional do Ensino M\u00e9dio, o ENEM.<\/p>\n<p>[\/vc_column_text][vc_btn title=&#8221;Quer receber um contato da escola?&#8221; style=&#8221;custom&#8221; custom_background=&#8221;#004d9d&#8221; custom_text=&#8221;#ffffff&#8221; size=&#8221;lg&#8221; link=&#8221;url:http%3A%2F%2Fwww.magnum.com.br%2F%3Fpage_id%3D841&#8243;][\/vc_column][\/vc_row]<\/p>\n<\/div>","protected":false},"excerpt":{"rendered":"<p>[vc_row][vc_column][vc_column_text css=&#8221;&#8221;]Garantimos a efetividade de um ensino de qualidade por meio de uma gest\u00e3o de excel\u00eancia do processo avaliativo em todas as suas etapas. Esse processo \u00e9 cuidadosamente planejado para permitir o acompanhamento cont\u00ednuo dos resultados de ensino, assegurando a aprendizagem dos estudantes ao longo de toda a trajet\u00f3ria escolar. &nbsp; Nossos alunos s\u00e3o estimulados [&hellip;]<\/p>\n","protected":false},"author":1,"featured_media":0,"parent":0,"menu_order":0,"comment_status":"closed","ping_status":"closed","template":"","meta":{"footnotes":""},"class_list":["post-1933","page","type-page","status-publish","hentry"],"yoast_head":"<!-- This site is optimized with the Yoast SEO plugin v26.2 - https:\/\/yoast.com\/wordpress\/plugins\/seo\/ -->\n<title>ENSINO - Col\u00e9gio Magnum<\/title>\n<meta name=\"robots\" content=\"index, follow, max-snippet:-1, max-image-preview:large, max-video-preview:-1\" \/>\n<link rel=\"canonical\" href=\"https:\/\/www.magnum.com.br\/?page_id=1933\" \/>\n<meta property=\"og:locale\" content=\"pt_BR\" \/>\n<meta property=\"og:type\" content=\"article\" \/>\n<meta property=\"og:title\" content=\"ENSINO - Col\u00e9gio Magnum\" \/>\n<meta property=\"og:description\" content=\"[vc_row][vc_column][vc_column_text css=&#8221;&#8221;]Garantimos a efetividade de um ensino de qualidade por meio de uma gest\u00e3o de excel\u00eancia do processo avaliativo em todas as suas etapas. Esse processo \u00e9 cuidadosamente planejado para permitir o acompanhamento cont\u00ednuo dos resultados de ensino, assegurando a aprendizagem dos estudantes ao longo de toda a trajet\u00f3ria escolar. &nbsp; Nossos alunos s\u00e3o estimulados [&hellip;]\" \/>\n<meta property=\"og:url\" content=\"https:\/\/www.magnum.com.br\/?page_id=1933\" \/>\n<meta property=\"og:site_name\" content=\"Col\u00e9gio Magnum\" \/>\n<meta property=\"article:modified_time\" content=\"2025-12-29T14:29:45+00:00\" \/>\n<meta name=\"twitter:card\" content=\"summary_large_image\" \/>\n<meta name=\"twitter:label1\" content=\"Est. tempo de leitura\" \/>\n\t<meta name=\"twitter:data1\" content=\"2 minutos\" \/>\n<script type=\"application\/ld+json\" class=\"yoast-schema-graph\">{\"@context\":\"https:\/\/schema.org\",\"@graph\":[{\"@type\":\"WebPage\",\"@id\":\"https:\/\/www.magnum.com.br\/?page_id=1933\",\"url\":\"https:\/\/www.magnum.com.br\/?page_id=1933\",\"name\":\"ENSINO - Col\u00e9gio Magnum\",\"isPartOf\":{\"@id\":\"https:\/\/www.magnum.com.br\/#website\"},\"datePublished\":\"2023-03-09T17:28:58+00:00\",\"dateModified\":\"2025-12-29T14:29:45+00:00\",\"breadcrumb\":{\"@id\":\"https:\/\/www.magnum.com.br\/?page_id=1933#breadcrumb\"},\"inLanguage\":\"pt-BR\",\"potentialAction\":[{\"@type\":\"ReadAction\",\"target\":[\"https:\/\/www.magnum.com.br\/?page_id=1933\"]}]},{\"@type\":\"BreadcrumbList\",\"@id\":\"https:\/\/www.magnum.com.br\/?page_id=1933#breadcrumb\",\"itemListElement\":[{\"@type\":\"ListItem\",\"position\":1,\"name\":\"In\u00edcio\",\"item\":\"https:\/\/www.magnum.com.br\/\"},{\"@type\":\"ListItem\",\"position\":2,\"name\":\"ENSINO\"}]},{\"@type\":\"WebSite\",\"@id\":\"https:\/\/www.magnum.com.br\/#website\",\"url\":\"https:\/\/www.magnum.com.br\/\",\"name\":\"Col\u00e9gio Magnum\",\"description\":\"\",\"potentialAction\":[{\"@type\":\"SearchAction\",\"target\":{\"@type\":\"EntryPoint\",\"urlTemplate\":\"https:\/\/www.magnum.com.br\/?s={search_term_string}\"},\"query-input\":{\"@type\":\"PropertyValueSpecification\",\"valueRequired\":true,\"valueName\":\"search_term_string\"}}],\"inLanguage\":\"pt-BR\"}]}<\/script>\n<!-- \/ Yoast SEO plugin. -->","yoast_head_json":{"title":"ENSINO - Col\u00e9gio Magnum","robots":{"index":"index","follow":"follow","max-snippet":"max-snippet:-1","max-image-preview":"max-image-preview:large","max-video-preview":"max-video-preview:-1"},"canonical":"https:\/\/www.magnum.com.br\/?page_id=1933","og_locale":"pt_BR","og_type":"article","og_title":"ENSINO - Col\u00e9gio Magnum","og_description":"[vc_row][vc_column][vc_column_text css=&#8221;&#8221;]Garantimos a efetividade de um ensino de qualidade por meio de uma gest\u00e3o de excel\u00eancia do processo avaliativo em todas as suas etapas. Esse processo \u00e9 cuidadosamente planejado para permitir o acompanhamento cont\u00ednuo dos resultados de ensino, assegurando a aprendizagem dos estudantes ao longo de toda a trajet\u00f3ria escolar. &nbsp; Nossos alunos s\u00e3o estimulados [&hellip;]","og_url":"https:\/\/www.magnum.com.br\/?page_id=1933","og_site_name":"Col\u00e9gio Magnum","article_modified_time":"2025-12-29T14:29:45+00:00","twitter_card":"summary_large_image","twitter_misc":{"Est. tempo de leitura":"2 minutos"},"schema":{"@context":"https:\/\/schema.org","@graph":[{"@type":"WebPage","@id":"https:\/\/www.magnum.com.br\/?page_id=1933","url":"https:\/\/www.magnum.com.br\/?page_id=1933","name":"ENSINO - Col\u00e9gio Magnum","isPartOf":{"@id":"https:\/\/www.magnum.com.br\/#website"},"datePublished":"2023-03-09T17:28:58+00:00","dateModified":"2025-12-29T14:29:45+00:00","breadcrumb":{"@id":"https:\/\/www.magnum.com.br\/?page_id=1933#breadcrumb"},"inLanguage":"pt-BR","potentialAction":[{"@type":"ReadAction","target":["https:\/\/www.magnum.com.br\/?page_id=1933"]}]},{"@type":"BreadcrumbList","@id":"https:\/\/www.magnum.com.br\/?page_id=1933#breadcrumb","itemListElement":[{"@type":"ListItem","position":1,"name":"In\u00edcio","item":"https:\/\/www.magnum.com.br\/"},{"@type":"ListItem","position":2,"name":"ENSINO"}]},{"@type":"WebSite","@id":"https:\/\/www.magnum.com.br\/#website","url":"https:\/\/www.magnum.com.br\/","name":"Col\u00e9gio Magnum","description":"","potentialAction":[{"@type":"SearchAction","target":{"@type":"EntryPoint","urlTemplate":"https:\/\/www.magnum.com.br\/?s={search_term_string}"},"query-input":{"@type":"PropertyValueSpecification","valueRequired":true,"valueName":"search_term_string"}}],"inLanguage":"pt-BR"}]}},"_links":{"self":[{"href":"https:\/\/www.magnum.com.br\/index.php?rest_route=\/wp\/v2\/pages\/1933","targetHints":{"allow":["GET"]}}],"collection":[{"href":"https:\/\/www.magnum.com.br\/index.php?rest_route=\/wp\/v2\/pages"}],"about":[{"href":"https:\/\/www.magnum.com.br\/index.php?rest_route=\/wp\/v2\/types\/page"}],"author":[{"embeddable":true,"href":"https:\/\/www.magnum.com.br\/index.php?rest_route=\/wp\/v2\/users\/1"}],"replies":[{"embeddable":true,"href":"https:\/\/www.magnum.com.br\/index.php?rest_route=%2Fwp%2Fv2%2Fcomments&post=1933"}],"version-history":[{"count":5,"href":"https:\/\/www.magnum.com.br\/index.php?rest_route=\/wp\/v2\/pages\/1933\/revisions"}],"predecessor-version":[{"id":2673,"href":"https:\/\/www.magnum.com.br\/index.php?rest_route=\/wp\/v2\/pages\/1933\/revisions\/2673"}],"wp:attachment":[{"href":"https:\/\/www.magnum.com.br\/index.php?rest_route=%2Fwp%2Fv2%2Fmedia&parent=1933"}],"curies":[{"name":"wp","href":"https:\/\/api.w.org\/{rel}","templated":true}]}}